s the greatest common divisor of 6 and 104786721?
3
What is the highest common divisor of 101077656 and 72?
24
What is the greatest common divisor of 72 and 278054136?
72
Calculate the greatest common divisor of 584 and 3986168.
8
What is the highest common factor of 71227 and 50661?
13
Calculate the highest common factor of 21328 and 1254353.
1333
Calculate the greatest common divisor of 223176066 and 30.
6
Calculate the greatest common factor of 9136192 and 2392.
104
Calculate the highest common factor of 28 and 32771130.
14
Calculate the greatest common divisor of 13254865 and 130.
65
What is the greatest common factor of 2029052 and 204527?
901
What is the greatest common divisor of 243324342 and 18?
18
Calculate the highest common divisor of 1662 and 419682.
6
What is the highest common divisor of 553 and 24489052?
553
Calculate the greatest common divisor of 8566 and 63110005.
4283
Calculate the greatest common factor of 58150 and 51995404.
2326
Calculate the highest common divisor of 382 and 7394.
2
What is the highest common divisor of 1994936832 and 184?
184
What is the highest common factor of 68937 and 23243?
11
Calculate the greatest common factor of 767 and 80131027.
59
Calculate the highest common factor of 914 and 10771033.
457
Calculate the highest common factor of 405504 and 5366016.
2304
Calculate the highest common divisor of 547029 and 71991.
171
What is the highest common divisor of 301962 and 5583738?
5118
What is the highest common divisor of 15129168 and 232?
8
Calculate the greatest common divisor of 14756556 and 1312.
164
Calculate the greatest common divisor of 6183 and 3237831.
2061
What is the highest common divisor of 1 and 3924349?
1
Calculate the greatest common factor of 33497513 and 133.
133
What is the greatest common divisor of 13205 and 9541933?
2641
Calculate the greatest common divisor of 28630 and 50030.
10
What is the greatest common divisor of 30 and 1314140?
10
Calculate the greatest common divisor of 507831 and 357411.
327
Calculate the greatest common factor of 42 and 4431441.
21
What is the greatest common factor of 59879505 and 690?
15
Calculate the greatest common divisor of 4001937 and 18409.
449
What is the highest common factor of 7703858 and 2456?
614
Calculate the greatest common divisor of 2706 and 20322962.
902
What is the highest common factor of 41092824 and 8856?
984
Calculate the greatest common divisor of 75816 and 78807816.
5832
Calculate the highest common divisor of 6 and 16637348.
2
Calculate the greatest common divisor of 320405 and 41.
1
Calculate the highest common factor of 1662034798 and 3847.
3847
Calculate the greatest common divisor of 28657945 and 725.
145
Calculate the highest common factor of 1485 and 2253105.
45
Calculate the greatest common divisor of 85 and 7802507.
17
Calculate the highest common factor of 22 and 122977107.
11
Calculate the highest common divisor of 1773678 and 1734.
102
What is the highest common factor of 1407658 and 854?
14
Calculate the highest common divisor of 6930153 and 3519.
207
What is the greatest common factor of 9408 and 3787112?
392
What is the greatest common factor of 68134795 and 710?
355
Calculate the highest common divisor of 247953 and 291.
3
Calculate the highest common factor of 144 and 2089818.
18
What is the greatest common divisor of 16011246 and 1122?
102
What is the greatest common factor of 640 and 32782160?
80
Calculate the greatest common divisor of 2751 and 54531239.
917
Calculate the greatest common factor of 1642568 and 368.
184
Calculate the greatest common divisor of 110299026 and 867.
51
Calculate the greatest common divisor of 555500388 and 888.
444
What is the greatest common divisor of 234790976 and 128?
64
What is the greatest common factor of 188 and 24730883?
47
Calculate the highest common factor of 70 and 259510.
10
Calculate the greatest common divisor of 372647 and 2.
1
What is the greatest common factor of 695115 and 122265?
855
What is the greatest common factor of 2522 and 49626752?
194
Calculate the greatest common divisor of 388584 and 12744.
216
Calculate the highest common factor of 326500 and 70125.
125
Calculate the greatest common divisor of 168567 and 79921.
349
What is the highest common factor of 402 and 21030?
6
Calculate the greatest common factor of 165 and 22769085.
15
What is the greatest common factor of 1544 and 45996146?
386
What is the highest common factor of 3745989 and 2223?
117
What is the greatest common divisor of 34340586 and 8466?
498
Calculate the greatest common divisor of 92822854 and 788.
394
Calculate the greatest common divisor of 729 and 3485871.
9
Calculate the highest common divisor of 2451 and 262601.
43
Calculate the highest common factor of 7 and 37040593.
1
What is the highest common divisor of 4008 and 232704?
24
Calculate the highest common factor of 32914 and 602.
14
Calculate the highest common divisor of 63161960 and 555.
185
What is the highest common factor of 50075601 and 177?
177
Calculate the highest common divisor of 12334 and 46648.
14
What is the highest common factor of 16876556 and 332?
332
Calculate the highest common factor of 471 and 11085927.
471
What is the greatest common divisor of 112614850 and 55900?
2150
Calculate the greatest common divisor of 159 and 162217524.
159
Calculate the highest common factor of 1323145 and 513305.
265
Calculate the highest common divisor of 125386 and 73982.
142
Calculate the highest common factor of 28300751 and 64414.
4601
Calculate the greatest common divisor of 10332 and 65898.
126
Calculate the highest common factor of 68001 and 412509.
57
Calculate the greatest common factor of 206616 and 876.
12
Calculate the highest common factor of 11136 and 64848.
48
Calculate the greatest common factor of 109943097 and 561.
561
What is the highest common divisor of 155 and 187974979?
31
Calculate the greatest common factor of 26635675 and 550.
275
What is the highest common divisor of 754 and 2489621?
29
Calculate the greatest common factor of 94195905 and 30.
15
Calculate the greatest common divisor of 1107793127 and 2373.
791
Calculate the greatest common divisor of 658930 and 296770.
5030
Calculate the greatest common divisor of 14443 and 50798.
11
Calculate the greatest common divisor of 4093 and 14483.
1
What is the greatest common factor of 751772 and 1379?
7
Calculate the greatest common divisor of 521916 and 23874.
138
Calculate the highest common factor of 1320074177 and 7082.
3541
Calculate the highest common divisor of 236444 and 32500.
52
What is the highest common divisor of 330202 and 17548?
214
Calculate the greatest common divisor of 66400 and 20335.
415
Calculate the highest common factor of 10 and 3626666.
2
What is the greatest common factor of 688 and 1638945?
43
Calculate the greatest common factor of 44001 and 1197.
9
Calculate the greatest common divisor of 146925024 and 38.
38
What is the greatest common factor of 1056 and 2704680?
264
What is the greatest common divisor of 342632619 and 126?
63
What is the greatest common factor of 2885005 and 10580?
115
Calculate the greatest common factor of 192 and 19541064.
24
Calculate the greatest common factor of 22 and 38506.
2
Calculate the highest common divisor of 27003967 and 581.
83
What is the greatest common factor of 111491164 and 32452?
4636
Calculate the greatest common factor of 1 and 667691.
1
What is the greatest common factor of 41473960 and 10868?
836
What is the greatest common divisor of 668478 and 416928?
258
What is the highest common factor of 112 and 22152088?
56
Calculate the highest common factor of 12 and 6226518.
6
Calculate the greatest common factor of 234794429 and 5185.
1037
Calculate the highest common divisor of 1673 and 4887072.
239
What is the highest common factor of 37408669 and 3785?
757
What is the highest common factor of 1056725 and 7864?
983
Calculate the highest common factor of 68356 and 49220.
92
What is the greatest common factor of 50000 and 686000?
2000
What is the greatest common factor of 27332523 and 8?
1
Calculate the highest common factor of 3027967 and 73.
73
Calculate the greatest common divisor of 61611385 and 5566.
121
Calculate the greatest common divisor of 64738 and 19.
1
Calculate the hi